{"id":129,"date":"2021-01-18T19:31:41","date_gmt":"2021-01-18T18:31:41","guid":{"rendered":"https:\/\/maisondeslyceennes.fr\/?page_id=129"},"modified":"2026-04-09T11:32:41","modified_gmt":"2026-04-09T09:32:41","slug":"candidatures-2020-2021","status":"publish","type":"page","link":"https:\/\/maisondeslyceennes.fr\/index.php\/candidatures-2020-2021\/","title":{"rendered":"Candidatures 2026-2027"},"content":{"rendered":"\n<p><strong><mark style=\"background-color:rgba(0, 0, 0, 0);color:#e82615\" class=\"has-inline-color\">Date limite de d\u00e9p\u00f4t : 30 mai  2026 <\/mark><\/strong><\/p>\n\n\n\n<p><strong>NE PAS ATTENDRE LES RESULTATS DE PARCOURSUP LE 2 JUIN POUR FAIRE UNE DEMANDE<\/strong><\/p>\n\n\n\n<h2 class=\"wp-block-heading\">Tarifs<\/h2>\n\n\n\n<p>(comprenant le m\u00e9nage hebdomadaire et le petit-d\u00e9jeuner quotidien)<br>Chambre de taille moyenne : 760\u20ac \/ Grande chambre ( que 8): 810\u20ac par mois<br>Frais de dossier : 250\u20ac \/ D\u00e9p\u00f4t de garantie : 650\u20ac<\/p>\n\n\n\n<h2 class=\"wp-block-heading\">Pour obtenir et remplir votre dossier d\u2019inscription<\/h2>\n\n\n\n<p>Seuls les dossiers complets seront examin\u00e9s par la commission d&rsquo;attribution des chambres qui si\u00e8gera le mercredi 17 juin 2026.<\/p>\n\n\n\n<p class=\"has-text-align-center\"><strong><a href=\"https:\/\/maisondeslyceennes.fr\/wp-content\/uploads\/2026\/04\/Dossier-de-candidature-2026-2027.pdf\" target=\"_blank\" rel=\"noreferrer noopener\">T\u00e9l\u00e9charger le dossier de candidature ici<\/a><\/strong> \u00e0 partir du lundi 30 mars 2026<br><br><br>Il convient de remplir et scanner toutes les pi\u00e8ces du dossier une \u00e0 une puis de les renvoyer \u00e0 l&rsquo;adresse mdl75@maisondeslyceennes.fr <br><br>N&rsquo;oubliez pas de remplir imp\u00e9rativement le formulaire en ligne dont le lien se trouve dans le dossier de candidature (pour ouvrir ce lien enfoncer la touche CTRL de votre clavier et cliquez sur le lien)<\/p>\n\n\n\n<p>Maison des Lyc\u00e9ennes 5, rue Amyot 75005 PARIS<br>T\u00e9l 01 44 08 76 60 \u2013 Mobile de Mme L&rsquo;HENORET 07 61 73 85 88 <br>E-mail : mdl75@maisondeslyceennes.fr<\/p>\n\n\n\n<p><\/p>\n\n\n\n<p><\/p>\n","protected":false},"excerpt":{"rendered":"<p>Date limite de d\u00e9p\u00f4t : 30 mai 2026 NE PAS ATTENDRE LES RESULTATS DE PARCOURSUP LE 2 JUIN POUR FAIRE UNE DEMANDE Tarifs (comprenant le m\u00e9nage hebdomadaire et le petit-d\u00e9jeuner quotidien)Chambre de taille moyenne : 760\u20ac \/ Grande chambre ( &hellip; <a href=\"https:\/\/maisondeslyceennes.fr\/index.php\/candidatures-2020-2021\/\">Continuer la lecture <span class=\"meta-nav\">&rarr;<\/span><\/a><\/p>\n","protected":false},"author":1,"featured_media":0,"parent":0,"menu_order":0,"comment_status":"closed","ping_status":"closed","template":"","meta":{"footnotes":""},"class_list":["post-129","page","type-page","status-publish","hentry"],"yoast_head":"<!-- This site is optimized with the Yoast SEO plugin v27.4 - https:\/\/yoast.com\/product\/yoast-seo-wordpress\/ -->\n<title>Candidatures 2026-2027 -<\/title>\n<meta name=\"robots\" content=\"index, follow, max-snippet:-1, max-image-preview:large, max-video-preview:-1\" \/>\n<link rel=\"canonical\" href=\"https:\/\/maisondeslyceennes.fr\/index.php\/candidatures-2020-2021\/\" \/>\n<meta property=\"og:locale\" content=\"fr_FR\" \/>\n<meta property=\"og:type\" content=\"article\" \/>\n<meta property=\"og:title\" content=\"Candidatures 2026-2027 -\" \/>\n<meta property=\"og:description\" content=\"Date limite de d\u00e9p\u00f4t : 30 mai 2026 NE PAS ATTENDRE LES RESULTATS DE PARCOURSUP LE 2 JUIN POUR FAIRE UNE DEMANDE Tarifs (comprenant le m\u00e9nage hebdomadaire et le petit-d\u00e9jeuner quotidien)Chambre de taille moyenne : 760\u20ac \/ Grande chambre ( &hellip; Continuer la lecture &rarr;\" \/>\n<meta property=\"og:url\" content=\"https:\/\/maisondeslyceennes.fr\/index.php\/candidatures-2020-2021\/\" \/>\n<meta property=\"article:publisher\" content=\"https:\/\/www.facebook.com\/groups\/716891688859455\/\" \/>\n<meta property=\"article:modified_time\" content=\"2026-04-09T09:32:41+00:00\" \/>\n<meta name=\"twitter:card\" content=\"summary_large_image\" \/>\n<meta name=\"twitter:label1\" content=\"Dur\u00e9e de lecture estim\u00e9e\" \/>\n\t<meta name=\"twitter:data1\" content=\"1 minute\" \/>\n<script type=\"application\/ld+json\" class=\"yoast-schema-graph\">{\"@context\":\"https:\\\/\\\/schema.org\",\"@graph\":[{\"@type\":\"WebPage\",\"@id\":\"https:\\\/\\\/maisondeslyceennes.fr\\\/index.php\\\/candidatures-2020-2021\\\/\",\"url\":\"https:\\\/\\\/maisondeslyceennes.fr\\\/index.php\\\/candidatures-2020-2021\\\/\",\"name\":\"Candidatures 2026-2027 -\",\"isPartOf\":{\"@id\":\"https:\\\/\\\/maisondeslyceennes.fr\\\/#website\"},\"datePublished\":\"2021-01-18T18:31:41+00:00\",\"dateModified\":\"2026-04-09T09:32:41+00:00\",\"breadcrumb\":{\"@id\":\"https:\\\/\\\/maisondeslyceennes.fr\\\/index.php\\\/candidatures-2020-2021\\\/#breadcrumb\"},\"inLanguage\":\"fr-FR\",\"potentialAction\":[{\"@type\":\"ReadAction\",\"target\":[\"https:\\\/\\\/maisondeslyceennes.fr\\\/index.php\\\/candidatures-2020-2021\\\/\"]}]},{\"@type\":\"BreadcrumbList\",\"@id\":\"https:\\\/\\\/maisondeslyceennes.fr\\\/index.php\\\/candidatures-2020-2021\\\/#breadcrumb\",\"itemListElement\":[{\"@type\":\"ListItem\",\"position\":1,\"name\":\"Accueil\",\"item\":\"https:\\\/\\\/maisondeslyceennes.fr\\\/\"},{\"@type\":\"ListItem\",\"position\":2,\"name\":\"Candidatures 2026-2027\"}]},{\"@type\":\"WebSite\",\"@id\":\"https:\\\/\\\/maisondeslyceennes.fr\\\/#website\",\"url\":\"https:\\\/\\\/maisondeslyceennes.fr\\\/\",\"name\":\"Maison des Lyc\u00e9ennes\",\"description\":\"\",\"publisher\":{\"@id\":\"https:\\\/\\\/maisondeslyceennes.fr\\\/#organization\"},\"potentialAction\":[{\"@type\":\"SearchAction\",\"target\":{\"@type\":\"EntryPoint\",\"urlTemplate\":\"https:\\\/\\\/maisondeslyceennes.fr\\\/?s={search_term_string}\"},\"query-input\":{\"@type\":\"PropertyValueSpecification\",\"valueRequired\":true,\"valueName\":\"search_term_string\"}}],\"inLanguage\":\"fr-FR\"},{\"@type\":\"Organization\",\"@id\":\"https:\\\/\\\/maisondeslyceennes.fr\\\/#organization\",\"name\":\"Union des A\",\"url\":\"https:\\\/\\\/maisondeslyceennes.fr\\\/\",\"logo\":{\"@type\":\"ImageObject\",\"inLanguage\":\"fr-FR\",\"@id\":\"https:\\\/\\\/maisondeslyceennes.fr\\\/#\\\/schema\\\/logo\\\/image\\\/\",\"url\":\"https:\\\/\\\/maisondeslyceennes.fr\\\/wp-content\\\/uploads\\\/2020\\\/11\\\/cropped-bandeau_accueil2-2.jpg\",\"contentUrl\":\"https:\\\/\\\/maisondeslyceennes.fr\\\/wp-content\\\/uploads\\\/2020\\\/11\\\/cropped-bandeau_accueil2-2.jpg\",\"width\":1689,\"height\":338,\"caption\":\"Union des A\"},\"image\":{\"@id\":\"https:\\\/\\\/maisondeslyceennes.fr\\\/#\\\/schema\\\/logo\\\/image\\\/\"},\"sameAs\":[\"https:\\\/\\\/www.facebook.com\\\/groups\\\/716891688859455\\\/\"]}]}<\/script>\n<!-- \/ Yoast SEO plugin. -->","yoast_head_json":{"title":"Candidatures 2026-2027 -","robots":{"index":"index","follow":"follow","max-snippet":"max-snippet:-1","max-image-preview":"max-image-preview:large","max-video-preview":"max-video-preview:-1"},"canonical":"https:\/\/maisondeslyceennes.fr\/index.php\/candidatures-2020-2021\/","og_locale":"fr_FR","og_type":"article","og_title":"Candidatures 2026-2027 -","og_description":"Date limite de d\u00e9p\u00f4t : 30 mai 2026 NE PAS ATTENDRE LES RESULTATS DE PARCOURSUP LE 2 JUIN POUR FAIRE UNE DEMANDE Tarifs (comprenant le m\u00e9nage hebdomadaire et le petit-d\u00e9jeuner quotidien)Chambre de taille moyenne : 760\u20ac \/ Grande chambre ( &hellip; Continuer la lecture &rarr;","og_url":"https:\/\/maisondeslyceennes.fr\/index.php\/candidatures-2020-2021\/","article_publisher":"https:\/\/www.facebook.com\/groups\/716891688859455\/","article_modified_time":"2026-04-09T09:32:41+00:00","twitter_card":"summary_large_image","twitter_misc":{"Dur\u00e9e de lecture estim\u00e9e":"1 minute"},"schema":{"@context":"https:\/\/schema.org","@graph":[{"@type":"WebPage","@id":"https:\/\/maisondeslyceennes.fr\/index.php\/candidatures-2020-2021\/","url":"https:\/\/maisondeslyceennes.fr\/index.php\/candidatures-2020-2021\/","name":"Candidatures 2026-2027 -","isPartOf":{"@id":"https:\/\/maisondeslyceennes.fr\/#website"},"datePublished":"2021-01-18T18:31:41+00:00","dateModified":"2026-04-09T09:32:41+00:00","breadcrumb":{"@id":"https:\/\/maisondeslyceennes.fr\/index.php\/candidatures-2020-2021\/#breadcrumb"},"inLanguage":"fr-FR","potentialAction":[{"@type":"ReadAction","target":["https:\/\/maisondeslyceennes.fr\/index.php\/candidatures-2020-2021\/"]}]},{"@type":"BreadcrumbList","@id":"https:\/\/maisondeslyceennes.fr\/index.php\/candidatures-2020-2021\/#breadcrumb","itemListElement":[{"@type":"ListItem","position":1,"name":"Accueil","item":"https:\/\/maisondeslyceennes.fr\/"},{"@type":"ListItem","position":2,"name":"Candidatures 2026-2027"}]},{"@type":"WebSite","@id":"https:\/\/maisondeslyceennes.fr\/#website","url":"https:\/\/maisondeslyceennes.fr\/","name":"Maison des Lyc\u00e9ennes","description":"","publisher":{"@id":"https:\/\/maisondeslyceennes.fr\/#organization"},"potentialAction":[{"@type":"SearchAction","target":{"@type":"EntryPoint","urlTemplate":"https:\/\/maisondeslyceennes.fr\/?s={search_term_string}"},"query-input":{"@type":"PropertyValueSpecification","valueRequired":true,"valueName":"search_term_string"}}],"inLanguage":"fr-FR"},{"@type":"Organization","@id":"https:\/\/maisondeslyceennes.fr\/#organization","name":"Union des A","url":"https:\/\/maisondeslyceennes.fr\/","logo":{"@type":"ImageObject","inLanguage":"fr-FR","@id":"https:\/\/maisondeslyceennes.fr\/#\/schema\/logo\/image\/","url":"https:\/\/maisondeslyceennes.fr\/wp-content\/uploads\/2020\/11\/cropped-bandeau_accueil2-2.jpg","contentUrl":"https:\/\/maisondeslyceennes.fr\/wp-content\/uploads\/2020\/11\/cropped-bandeau_accueil2-2.jpg","width":1689,"height":338,"caption":"Union des A"},"image":{"@id":"https:\/\/maisondeslyceennes.fr\/#\/schema\/logo\/image\/"},"sameAs":["https:\/\/www.facebook.com\/groups\/716891688859455\/"]}]}},"_links":{"self":[{"href":"https:\/\/maisondeslyceennes.fr\/index.php\/wp-json\/wp\/v2\/pages\/129","targetHints":{"allow":["GET"]}}],"collection":[{"href":"https:\/\/maisondeslyceennes.fr\/index.php\/wp-json\/wp\/v2\/pages"}],"about":[{"href":"https:\/\/maisondeslyceennes.fr\/index.php\/wp-json\/wp\/v2\/types\/page"}],"author":[{"embeddable":true,"href":"https:\/\/maisondeslyceennes.fr\/index.php\/wp-json\/wp\/v2\/users\/1"}],"replies":[{"embeddable":true,"href":"https:\/\/maisondeslyceennes.fr\/index.php\/wp-json\/wp\/v2\/comments?post=129"}],"version-history":[{"count":35,"href":"https:\/\/maisondeslyceennes.fr\/index.php\/wp-json\/wp\/v2\/pages\/129\/revisions"}],"predecessor-version":[{"id":3585,"href":"https:\/\/maisondeslyceennes.fr\/index.php\/wp-json\/wp\/v2\/pages\/129\/revisions\/3585"}],"wp:attachment":[{"href":"https:\/\/maisondeslyceennes.fr\/index.php\/wp-json\/wp\/v2\/media?parent=129"}],"curies":[{"name":"wp","href":"https:\/\/api.w.org\/{rel}","templated":true}]}}

<p><strong><mark style="background-color:rgba(0, 0, 0, 0);color:#e82615" class="has-inline-color">Date limite de dépôt : 30 mai  2026 </mark></strong></p>



<p><strong>NE PAS ATTENDRE LES RESULTATS DE PARCOURSUP LE 2 JUIN POUR FAIRE UNE DEMANDE</strong></p>



<h2 class="wp-block-heading">Tarifs</h2>



<p>(comprenant le ménage hebdomadaire et le petit-déjeuner quotidien)<br>Chambre de taille moyenne : 760€ / Grande chambre ( que 8): 810€ par mois<br>Frais de dossier : 250€ / Dépôt de garantie : 650€</p>



<h2 class="wp-block-heading">Pour obtenir et remplir votre dossier d’inscription</h2>



<p>Seuls les dossiers complets seront examinés par la commission d&rsquo;attribution des chambres qui siègera le mercredi 17 juin 2026.</p>



<p class="has-text-align-center"><strong><a href="https://maisondeslyceennes.fr/wp-content/uploads/2026/04/Dossier-de-candidature-2026-2027.pdf" target="_blank" rel="noreferrer noopener">Télécharger le dossier de candidature ici</a></strong> à partir du lundi 30 mars 2026<br><br><br>Il convient de remplir et scanner toutes les pièces du dossier une à une puis de les renvoyer à l&rsquo;adresse mdl75@maisondeslyceennes.fr <br><br>N&rsquo;oubliez pas de remplir impérativement le formulaire en ligne dont le lien se trouve dans le dossier de candidature (pour ouvrir ce lien enfoncer la touche CTRL de votre clavier et cliquez sur le lien)</p>



<p>Maison des Lycéennes 5, rue Amyot 75005 PARIS<br>Tél 01 44 08 76 60 – Mobile de Mme L&rsquo;HENORET 07 61 73 85 88 <br>E-mail : mdl75@maisondeslyceennes.fr</p>



<p></p>



<p></p>

<p>Date limite de dépôt : 30 mai 2026 NE PAS ATTENDRE LES RESULTATS DE PARCOURSUP LE 2 JUIN POUR FAIRE UNE DEMANDE Tarifs (comprenant le ménage hebdomadaire et le petit-déjeuner quotidien)Chambre de taille moyenne : 760€ / Grande chambre ( &hellip; <a href="https://maisondeslyceennes.fr/index.php/candidatures-2020-2021/">Continuer la lecture <span class="meta-nav">&rarr;</span></a></p>

<!-- This site is optimized with the Yoast SEO plugin v27.4 - https://yoast.com/product/yoast-seo-wordpress/ -->
<title>Candidatures 2026-2027 -</title>
<meta name="robots" content="index, follow, max-snippet:-1, max-image-preview:large, max-video-preview:-1" />
<link rel="canonical" href="https://maisondeslyceennes.fr/index.php/candidatures-2020-2021/" />
<meta property="og:locale" content="fr_FR" />
<meta property="og:type" content="article" />
<meta property="og:title" content="Candidatures 2026-2027 -" />
<meta property="og:description" content="Date limite de dépôt : 30 mai 2026 NE PAS ATTENDRE LES RESULTATS DE PARCOURSUP LE 2 JUIN POUR FAIRE UNE DEMANDE Tarifs (comprenant le ménage hebdomadaire et le petit-déjeuner quotidien)Chambre de taille moyenne : 760€ / Grande chambre ( &hellip; Continuer la lecture &rarr;" />
<meta property="og:url" content="https://maisondeslyceennes.fr/index.php/candidatures-2020-2021/" />
<meta property="article:publisher" content="https://www.facebook.com/groups/716891688859455/" />
<meta property="article:modified_time" content="2026-04-09T09:32:41+00:00" />
<meta name="twitter:card" content="summary_large_image" />
<meta name="twitter:label1" content="Durée de lecture estimée" />
	<meta name="twitter:data1" content="1 minute" />
<script type="application/ld+json" class="yoast-schema-graph">{"@context":"https:\/\/schema.org","@graph":[{"@type":"WebPage","@id":"https:\/\/maisondeslyceennes.fr\/index.php\/candidatures-2020-2021\/","url":"https:\/\/maisondeslyceennes.fr\/index.php\/candidatures-2020-2021\/","name":"Candidatures 2026-2027 -","isPartOf":{"@id":"https:\/\/maisondeslyceennes.fr\/#website"},"datePublished":"2021-01-18T18:31:41+00:00","dateModified":"2026-04-09T09:32:41+00:00","breadcrumb":{"@id":"https:\/\/maisondeslyceennes.fr\/index.php\/candidatures-2020-2021\/#breadcrumb"},"inLanguage":"fr-FR","potentialAction":[{"@type":"ReadAction","target":["https:\/\/maisondeslyceennes.fr\/index.php\/candidatures-2020-2021\/"]}]},{"@type":"BreadcrumbList","@id":"https:\/\/maisondeslyceennes.fr\/index.php\/candidatures-2020-2021\/#breadcrumb","itemListElement":[{"@type":"ListItem","position":1,"name":"Accueil","item":"https:\/\/maisondeslyceennes.fr\/"},{"@type":"ListItem","position":2,"name":"Candidatures 2026-2027"}]},{"@type":"WebSite","@id":"https:\/\/maisondeslyceennes.fr\/#website","url":"https:\/\/maisondeslyceennes.fr\/","name":"Maison des Lycéennes","description":"","publisher":{"@id":"https:\/\/maisondeslyceennes.fr\/#organization"},"potentialAction":[{"@type":"SearchAction","target":{"@type":"EntryPoint","urlTemplate":"https:\/\/maisondeslyceennes.fr\/?s={search_term_string}"},"query-input":{"@type":"PropertyValueSpecification","valueRequired":true,"valueName":"search_term_string"}}],"inLanguage":"fr-FR"},{"@type":"Organization","@id":"https:\/\/maisondeslyceennes.fr\/#organization","name":"Union des A","url":"https:\/\/maisondeslyceennes.fr\/","logo":{"@type":"ImageObject","inLanguage":"fr-FR","@id":"https:\/\/maisondeslyceennes.fr\/#\/schema\/logo\/image\/","url":"https:\/\/maisondeslyceennes.fr\/wp-content\/uploads\/2020\/11\/cropped-bandeau_accueil2-2.jpg","contentUrl":"https:\/\/maisondeslyceennes.fr\/wp-content\/uploads\/2020\/11\/cropped-bandeau_accueil2-2.jpg","width":1689,"height":338,"caption":"Union des A"},"image":{"@id":"https:\/\/maisondeslyceennes.fr\/#\/schema\/logo\/image\/"},"sameAs":["https:\/\/www.facebook.com\/groups\/716891688859455\/"]}]}</script>
<!-- / Yoast SEO plugin. -->

Date limite de dépôt : 30 mai 2026 NE PAS ATTENDRE LES RESULTATS DE PARCOURSUP LE 2 JUIN POUR FAIRE UNE DEMANDE Tarifs (comprenant le ménage hebdomadaire et le petit-déjeuner quotidien)Chambre de taille moyenne : 760€ / Grande chambre ( &hellip; Continuer la lecture &rarr;

Maison des Lycéennes
