{"id":106,"date":"2021-01-18T19:11:12","date_gmt":"2021-01-18T18:11:12","guid":{"rendered":"https:\/\/maisondeslyceennes.fr\/?page_id=106"},"modified":"2026-03-19T12:56:52","modified_gmt":"2026-03-19T11:56:52","slug":"le-foyer","status":"publish","type":"page","link":"https:\/\/maisondeslyceennes.fr\/index.php\/le-foyer\/","title":{"rendered":"Le Foyer"},"content":{"rendered":"\n<p><strong>Une situation privil\u00e9gi\u00e9e<\/strong><\/p>\n\n\n\n<p>Dans LE quartier \u00e9tudiant depuis Ab\u00e9lard et le Moyen Age.<br>Un environnement calme et s\u00e9curis\u00e9.<br>A proximit\u00e9 des grands \u00e9tablissements CPGE.<br>Cr\u00e9\u00e9 en 1915 par des associations d\u2019anciennes \u00e9l\u00e8ves de lyc\u00e9es en province, le Foyer \u00e9tait et reste destin\u00e9 \u00e0 l\u2019accueil de jeunes filles venant faire des \u00e9tudes sup\u00e9rieures \u00e0 Paris.<\/p>\n\n\n\n<p>Notre sp\u00e9cificit\u00e9 :<\/p>\n\n\n\n<ul class=\"wp-block-list\">\n<li>Havre de paix<\/li>\n\n\n\n<li>Dimension humaine<\/li>\n\n\n\n<li>Pr\u00e9sence et \u00e9coute constante<\/li>\n\n\n\n<li>Esprit familial et convivial<\/li>\n\n\n\n<li>Homog\u00e9n\u00e9it\u00e9 des \u00e9tudes<\/li>\n\n\n\n<li>Calme et \u00e9change<\/li>\n\n\n\n<li>Possibilit\u00e9 exceptionnelle d\u2019h\u00e9bergement des proches sur r\u00e9servation<\/li>\n<\/ul>\n\n\n\n<p>Les soixante chambres individuelles sont \u00e9quip\u00e9es d\u2019un lavabo, d\u2019un r\u00e9frig\u00e9rateur individuel,  et d\u2019un acc\u00e8s internet wi-fi. Les douches et toilettes communes sont situ\u00e9es \u00e0 chaque \u00e9tage. Les R\u00e9sidentes ont \u00e9galement \u00e0 leur disposition, une salle \u00e0 manger (avec cuisine), une biblioth\u00e8que et au sous-sol un piano ainsi qu\u2019une machine \u00e0 laver et un s\u00e8che-linge leur permettant d\u2019effectuer leur lessive personnelle.<\/p>\n\n\n\n<h2 class=\"wp-block-heading\">Am\u00e9nagements<\/h2>\n\n\n\n<h3 class=\"wp-block-heading\">Les chambres<\/h3>\n\n\n\n<figure class=\"wp-block-gallery has-nested-images columns-default is-cropped wp-block-gallery-1 is-layout-flex wp-block-gallery-is-layout-flex\">\n<figure class=\"wp-block-image size-large\"><img loading=\"lazy\" decoding=\"async\" width=\"1024\" height=\"768\" data-id=\"3513\" src=\"https:\/\/maisondeslyceennes.fr\/wp-content\/uploads\/2026\/03\/Chambre-type-MDL-2-1024x768.jpg\" alt=\"\" class=\"wp-image-3513\" srcset=\"https:\/\/maisondeslyceennes.fr\/wp-content\/uploads\/2026\/03\/Chambre-type-MDL-2-1024x768.jpg 1024w, https:\/\/maisondeslyceennes.fr\/wp-content\/uploads\/2026\/03\/Chambre-type-MDL-2-300x225.jpg 300w, https:\/\/maisondeslyceennes.fr\/wp-content\/uploads\/2026\/03\/Chambre-type-MDL-2-768x576.jpg 768w, https:\/\/maisondeslyceennes.fr\/wp-content\/uploads\/2026\/03\/Chambre-type-MDL-2-1536x1152.jpg 1536w, https:\/\/maisondeslyceennes.fr\/wp-content\/uploads\/2026\/03\/Chambre-type-MDL-2-2048x1536.jpg 2048w\" sizes=\"auto, (max-width: 1024px) 100vw, 1024px\" \/><\/figure>\n\n\n\n<figure class=\"wp-block-image size-large\"><img loading=\"lazy\" decoding=\"async\" width=\"600\" height=\"400\" data-id=\"124\" src=\"https:\/\/maisondeslyceennes.fr\/wp-content\/uploads\/2021\/01\/chambre2-1.jpeg\" alt=\"\" class=\"wp-image-124\" srcset=\"https:\/\/maisondeslyceennes.fr\/wp-content\/uploads\/2021\/01\/chambre2-1.jpeg 600w, https:\/\/maisondeslyceennes.fr\/wp-content\/uploads\/2021\/01\/chambre2-1-300x200.jpeg 300w\" sizes=\"auto, (max-width: 600px) 100vw, 600px\" \/><\/figure>\n<figcaption class=\"blocks-gallery-caption wp-element-caption\"><strong>Dans chaque chambre, vous trouverez un lit, un bureau, une penderie, des \u00e9tag\u00e8res-biblioth\u00e8que, un lavabo, un r\u00e9frig\u00e9rateur. Le rev\u00eatement de sol est en PVC. Les fen\u00eatres sont munies de volets roulants. Vous avez la possibilit\u00e9 de personnaliser la chambre en restant dans le respect des lieux. Toutes les chambres donnent sur le jardin.<\/strong><\/figcaption><\/figure>\n\n\n\n<h3 class=\"wp-block-heading\">La Biblioth\u00e8que<\/h3>\n\n\n\n<figure class=\"wp-block-gallery has-nested-images columns-default is-cropped wp-block-gallery-2 is-layout-flex wp-block-gallery-is-layout-flex\">\n<figure class=\"wp-block-image size-large\"><img loading=\"lazy\" decoding=\"async\" width=\"768\" height=\"1024\" data-id=\"3510\" src=\"https:\/\/maisondeslyceennes.fr\/wp-content\/uploads\/2026\/03\/Biblio-3-768x1024.jpg\" alt=\"\" class=\"wp-image-3510\" srcset=\"https:\/\/maisondeslyceennes.fr\/wp-content\/uploads\/2026\/03\/Biblio-3-768x1024.jpg 768w, https:\/\/maisondeslyceennes.fr\/wp-content\/uploads\/2026\/03\/Biblio-3-225x300.jpg 225w, https:\/\/maisondeslyceennes.fr\/wp-content\/uploads\/2026\/03\/Biblio-3-1152x1536.jpg 1152w, https:\/\/maisondeslyceennes.fr\/wp-content\/uploads\/2026\/03\/Biblio-3-1536x2048.jpg 1536w, https:\/\/maisondeslyceennes.fr\/wp-content\/uploads\/2026\/03\/Biblio-3-scaled.jpg 1920w\" sizes=\"auto, (max-width: 768px) 100vw, 768px\" \/><\/figure>\n\n\n\n<figure class=\"wp-block-image size-large\"><img loading=\"lazy\" decoding=\"async\" width=\"768\" height=\"1024\" data-id=\"3508\" src=\"https:\/\/maisondeslyceennes.fr\/wp-content\/uploads\/2026\/03\/Biblio-1-768x1024.jpg\" alt=\"\" class=\"wp-image-3508\" srcset=\"https:\/\/maisondeslyceennes.fr\/wp-content\/uploads\/2026\/03\/Biblio-1-768x1024.jpg 768w, https:\/\/maisondeslyceennes.fr\/wp-content\/uploads\/2026\/03\/Biblio-1-225x300.jpg 225w, https:\/\/maisondeslyceennes.fr\/wp-content\/uploads\/2026\/03\/Biblio-1-1152x1536.jpg 1152w, https:\/\/maisondeslyceennes.fr\/wp-content\/uploads\/2026\/03\/Biblio-1-1536x2048.jpg 1536w, https:\/\/maisondeslyceennes.fr\/wp-content\/uploads\/2026\/03\/Biblio-1-scaled.jpg 1920w\" sizes=\"auto, (max-width: 768px) 100vw, 768px\" \/><\/figure>\n<\/figure>\n\n\n\n<h3 class=\"wp-block-heading\">Salle \u00e0 manger et cuisine<\/h3>\n\n\n\n<figure class=\"wp-block-gallery has-nested-images columns-default is-cropped wp-block-gallery-3 is-layout-flex wp-block-gallery-is-layout-flex\">\n<figure class=\"wp-block-image size-large\"><img loading=\"lazy\" decoding=\"async\" width=\"768\" height=\"1024\" data-id=\"3507\" src=\"https:\/\/maisondeslyceennes.fr\/wp-content\/uploads\/2026\/03\/Cafeteria-acoustique-1-768x1024.jpg\" alt=\"\" class=\"wp-image-3507\" srcset=\"https:\/\/maisondeslyceennes.fr\/wp-content\/uploads\/2026\/03\/Cafeteria-acoustique-1-768x1024.jpg 768w, https:\/\/maisondeslyceennes.fr\/wp-content\/uploads\/2026\/03\/Cafeteria-acoustique-1-225x300.jpg 225w, https:\/\/maisondeslyceennes.fr\/wp-content\/uploads\/2026\/03\/Cafeteria-acoustique-1-1152x1536.jpg 1152w, https:\/\/maisondeslyceennes.fr\/wp-content\/uploads\/2026\/03\/Cafeteria-acoustique-1-1536x2048.jpg 1536w, https:\/\/maisondeslyceennes.fr\/wp-content\/uploads\/2026\/03\/Cafeteria-acoustique-1-scaled.jpg 1920w\" sizes=\"auto, (max-width: 768px) 100vw, 768px\" \/><\/figure>\n\n\n\n<figure class=\"wp-block-image size-large\"><img loading=\"lazy\" decoding=\"async\" width=\"602\" height=\"400\" data-id=\"119\" src=\"https:\/\/maisondeslyceennes.fr\/wp-content\/uploads\/2021\/01\/refectoir2.jpeg\" alt=\"\" class=\"wp-image-119\" srcset=\"https:\/\/maisondeslyceennes.fr\/wp-content\/uploads\/2021\/01\/refectoir2.jpeg 602w, https:\/\/maisondeslyceennes.fr\/wp-content\/uploads\/2021\/01\/refectoir2-300x199.jpeg 300w\" sizes=\"auto, (max-width: 602px) 100vw, 602px\" \/><\/figure>\n<figcaption class=\"blocks-gallery-caption wp-element-caption\"><strong>La salle \u00e0 manger et la cuisine sont accessibles de 7h30 \u00e0 22h30 tous les jours.<\/strong><\/figcaption><\/figure>\n\n\n\n<h3 class=\"wp-block-heading\">Jardin et cour<\/h3>\n\n\n\n<figure class=\"wp-block-gallery has-nested-images columns-default is-cropped wp-block-gallery-4 is-layout-flex wp-block-gallery-is-layout-flex\">\n<figure class=\"wp-block-image size-large\"><img loading=\"lazy\" decoding=\"async\" width=\"600\" height=\"400\" data-id=\"120\" src=\"https:\/\/maisondeslyceennes.fr\/wp-content\/uploads\/2021\/01\/jardin1.jpeg\" alt=\"\" class=\"wp-image-120\" srcset=\"https:\/\/maisondeslyceennes.fr\/wp-content\/uploads\/2021\/01\/jardin1.jpeg 600w, https:\/\/maisondeslyceennes.fr\/wp-content\/uploads\/2021\/01\/jardin1-300x200.jpeg 300w\" sizes=\"auto, (max-width: 600px) 100vw, 600px\" \/><\/figure>\n\n\n\n<figure class=\"wp-block-image size-large\"><img loading=\"lazy\" decoding=\"async\" width=\"600\" height=\"400\" data-id=\"121\" src=\"https:\/\/maisondeslyceennes.fr\/wp-content\/uploads\/2021\/01\/jardin2.jpeg\" alt=\"\" class=\"wp-image-121\" srcset=\"https:\/\/maisondeslyceennes.fr\/wp-content\/uploads\/2021\/01\/jardin2.jpeg 600w, https:\/\/maisondeslyceennes.fr\/wp-content\/uploads\/2021\/01\/jardin2-300x200.jpeg 300w\" sizes=\"auto, (max-width: 600px) 100vw, 600px\" \/><\/figure>\n<figcaption class=\"blocks-gallery-caption wp-element-caption\"><strong>Le jardin et la cour am\u00e9nag\u00e9e sont ouverts \u00e0 tous.<\/strong><\/figcaption><\/figure>\n\n\n\n<h3 class=\"wp-block-heading\">Les services<\/h3>\n\n\n\n<p>Un m\u00e9nage hebdomadaire est effectu\u00e9 par le personnel de la Maison.<br>Les douches et WC sont \u00e0 tous les \u00e9tages.<br>A disposition au sous-sol : un piano ainsi qu\u2019une machine \u00e0 laver et un s\u00e8che-linge permettant d\u2019effectuer des lessives personnelles.<br>Acc\u00e8s WIFI. <\/p>\n","protected":false},"excerpt":{"rendered":"<p>Une situation privil\u00e9gi\u00e9e Dans LE quartier \u00e9tudiant depuis Ab\u00e9lard et le Moyen Age.Un environnement calme et s\u00e9curis\u00e9.A proximit\u00e9 des grands \u00e9tablissements CPGE.Cr\u00e9\u00e9 en 1915 par des associations d\u2019anciennes \u00e9l\u00e8ves de lyc\u00e9es en province, le Foyer \u00e9tait et reste destin\u00e9 \u00e0 &hellip; <a href=\"https:\/\/maisondeslyceennes.fr\/index.php\/le-foyer\/\">Continuer la lecture <span class=\"meta-nav\">&rarr;<\/span><\/a><\/p>\n","protected":false},"author":1,"featured_media":0,"parent":0,"menu_order":0,"comment_status":"closed","ping_status":"closed","template":"","meta":{"footnotes":""},"class_list":["post-106","page","type-page","status-publish","hentry"],"yoast_head":"<!-- This site is optimized with the Yoast SEO plugin v27.4 - https:\/\/yoast.com\/product\/yoast-seo-wordpress\/ -->\n<title>Le Foyer -<\/title>\n<meta name=\"robots\" content=\"index, follow, max-snippet:-1, max-image-preview:large, max-video-preview:-1\" \/>\n<link rel=\"canonical\" href=\"https:\/\/maisondeslyceennes.fr\/index.php\/le-foyer\/\" \/>\n<meta property=\"og:locale\" content=\"fr_FR\" \/>\n<meta property=\"og:type\" content=\"article\" \/>\n<meta property=\"og:title\" content=\"Le Foyer -\" \/>\n<meta property=\"og:description\" content=\"Une situation privil\u00e9gi\u00e9e Dans LE quartier \u00e9tudiant depuis Ab\u00e9lard et le Moyen Age.Un environnement calme et s\u00e9curis\u00e9.A proximit\u00e9 des grands \u00e9tablissements CPGE.Cr\u00e9\u00e9 en 1915 par des associations d\u2019anciennes \u00e9l\u00e8ves de lyc\u00e9es en province, le Foyer \u00e9tait et reste destin\u00e9 \u00e0 &hellip; Continuer la lecture &rarr;\" \/>\n<meta property=\"og:url\" content=\"https:\/\/maisondeslyceennes.fr\/index.php\/le-foyer\/\" \/>\n<meta property=\"article:publisher\" content=\"https:\/\/www.facebook.com\/groups\/716891688859455\/\" \/>\n<meta property=\"article:modified_time\" content=\"2026-03-19T11:56:52+00:00\" \/>\n<meta property=\"og:image\" content=\"https:\/\/maisondeslyceennes.fr\/wp-content\/uploads\/2026\/03\/Chambre-type-MDL-2-scaled.jpg\" \/>\n\t<meta property=\"og:image:width\" content=\"2560\" \/>\n\t<meta property=\"og:image:height\" content=\"1920\" \/>\n\t<meta property=\"og:image:type\" content=\"image\/jpeg\" \/>\n<meta name=\"twitter:card\" content=\"summary_large_image\" \/>\n<meta name=\"twitter:label1\" content=\"Dur\u00e9e de lecture estim\u00e9e\" \/>\n\t<meta name=\"twitter:data1\" content=\"4 minutes\" \/>\n<script type=\"application\/ld+json\" class=\"yoast-schema-graph\">{\"@context\":\"https:\\\/\\\/schema.org\",\"@graph\":[{\"@type\":\"WebPage\",\"@id\":\"https:\\\/\\\/maisondeslyceennes.fr\\\/index.php\\\/le-foyer\\\/\",\"url\":\"https:\\\/\\\/maisondeslyceennes.fr\\\/index.php\\\/le-foyer\\\/\",\"name\":\"Le Foyer -\",\"isPartOf\":{\"@id\":\"https:\\\/\\\/maisondeslyceennes.fr\\\/#website\"},\"primaryImageOfPage\":{\"@id\":\"https:\\\/\\\/maisondeslyceennes.fr\\\/index.php\\\/le-foyer\\\/#primaryimage\"},\"image\":{\"@id\":\"https:\\\/\\\/maisondeslyceennes.fr\\\/index.php\\\/le-foyer\\\/#primaryimage\"},\"thumbnailUrl\":\"https:\\\/\\\/maisondeslyceennes.fr\\\/wp-content\\\/uploads\\\/2026\\\/03\\\/Chambre-type-MDL-2-1024x768.jpg\",\"datePublished\":\"2021-01-18T18:11:12+00:00\",\"dateModified\":\"2026-03-19T11:56:52+00:00\",\"breadcrumb\":{\"@id\":\"https:\\\/\\\/maisondeslyceennes.fr\\\/index.php\\\/le-foyer\\\/#breadcrumb\"},\"inLanguage\":\"fr-FR\",\"potentialAction\":[{\"@type\":\"ReadAction\",\"target\":[\"https:\\\/\\\/maisondeslyceennes.fr\\\/index.php\\\/le-foyer\\\/\"]}]},{\"@type\":\"ImageObject\",\"inLanguage\":\"fr-FR\",\"@id\":\"https:\\\/\\\/maisondeslyceennes.fr\\\/index.php\\\/le-foyer\\\/#primaryimage\",\"url\":\"https:\\\/\\\/maisondeslyceennes.fr\\\/wp-content\\\/uploads\\\/2026\\\/03\\\/Chambre-type-MDL-2-scaled.jpg\",\"contentUrl\":\"https:\\\/\\\/maisondeslyceennes.fr\\\/wp-content\\\/uploads\\\/2026\\\/03\\\/Chambre-type-MDL-2-scaled.jpg\",\"width\":2560,\"height\":1920},{\"@type\":\"BreadcrumbList\",\"@id\":\"https:\\\/\\\/maisondeslyceennes.fr\\\/index.php\\\/le-foyer\\\/#breadcrumb\",\"itemListElement\":[{\"@type\":\"ListItem\",\"position\":1,\"name\":\"Accueil\",\"item\":\"https:\\\/\\\/maisondeslyceennes.fr\\\/\"},{\"@type\":\"ListItem\",\"position\":2,\"name\":\"Le Foyer\"}]},{\"@type\":\"WebSite\",\"@id\":\"https:\\\/\\\/maisondeslyceennes.fr\\\/#website\",\"url\":\"https:\\\/\\\/maisondeslyceennes.fr\\\/\",\"name\":\"Maison des Lyc\u00e9ennes\",\"description\":\"\",\"publisher\":{\"@id\":\"https:\\\/\\\/maisondeslyceennes.fr\\\/#organization\"},\"potentialAction\":[{\"@type\":\"SearchAction\",\"target\":{\"@type\":\"EntryPoint\",\"urlTemplate\":\"https:\\\/\\\/maisondeslyceennes.fr\\\/?s={search_term_string}\"},\"query-input\":{\"@type\":\"PropertyValueSpecification\",\"valueRequired\":true,\"valueName\":\"search_term_string\"}}],\"inLanguage\":\"fr-FR\"},{\"@type\":\"Organization\",\"@id\":\"https:\\\/\\\/maisondeslyceennes.fr\\\/#organization\",\"name\":\"Union des A\",\"url\":\"https:\\\/\\\/maisondeslyceennes.fr\\\/\",\"logo\":{\"@type\":\"ImageObject\",\"inLanguage\":\"fr-FR\",\"@id\":\"https:\\\/\\\/maisondeslyceennes.fr\\\/#\\\/schema\\\/logo\\\/image\\\/\",\"url\":\"https:\\\/\\\/maisondeslyceennes.fr\\\/wp-content\\\/uploads\\\/2020\\\/11\\\/cropped-bandeau_accueil2-2.jpg\",\"contentUrl\":\"https:\\\/\\\/maisondeslyceennes.fr\\\/wp-content\\\/uploads\\\/2020\\\/11\\\/cropped-bandeau_accueil2-2.jpg\",\"width\":1689,\"height\":338,\"caption\":\"Union des A\"},\"image\":{\"@id\":\"https:\\\/\\\/maisondeslyceennes.fr\\\/#\\\/schema\\\/logo\\\/image\\\/\"},\"sameAs\":[\"https:\\\/\\\/www.facebook.com\\\/groups\\\/716891688859455\\\/\"]}]}<\/script>\n<!-- \/ Yoast SEO plugin. -->","yoast_head_json":{"title":"Le Foyer -","robots":{"index":"index","follow":"follow","max-snippet":"max-snippet:-1","max-image-preview":"max-image-preview:large","max-video-preview":"max-video-preview:-1"},"canonical":"https:\/\/maisondeslyceennes.fr\/index.php\/le-foyer\/","og_locale":"fr_FR","og_type":"article","og_title":"Le Foyer -","og_description":"Une situation privil\u00e9gi\u00e9e Dans LE quartier \u00e9tudiant depuis Ab\u00e9lard et le Moyen Age.Un environnement calme et s\u00e9curis\u00e9.A proximit\u00e9 des grands \u00e9tablissements CPGE.Cr\u00e9\u00e9 en 1915 par des associations d\u2019anciennes \u00e9l\u00e8ves de lyc\u00e9es en province, le Foyer \u00e9tait et reste destin\u00e9 \u00e0 &hellip; Continuer la lecture &rarr;","og_url":"https:\/\/maisondeslyceennes.fr\/index.php\/le-foyer\/","article_publisher":"https:\/\/www.facebook.com\/groups\/716891688859455\/","article_modified_time":"2026-03-19T11:56:52+00:00","og_image":[{"width":2560,"height":1920,"url":"https:\/\/maisondeslyceennes.fr\/wp-content\/uploads\/2026\/03\/Chambre-type-MDL-2-scaled.jpg","type":"image\/jpeg"}],"twitter_card":"summary_large_image","twitter_misc":{"Dur\u00e9e de lecture estim\u00e9e":"4 minutes"},"schema":{"@context":"https:\/\/schema.org","@graph":[{"@type":"WebPage","@id":"https:\/\/maisondeslyceennes.fr\/index.php\/le-foyer\/","url":"https:\/\/maisondeslyceennes.fr\/index.php\/le-foyer\/","name":"Le Foyer -","isPartOf":{"@id":"https:\/\/maisondeslyceennes.fr\/#website"},"primaryImageOfPage":{"@id":"https:\/\/maisondeslyceennes.fr\/index.php\/le-foyer\/#primaryimage"},"image":{"@id":"https:\/\/maisondeslyceennes.fr\/index.php\/le-foyer\/#primaryimage"},"thumbnailUrl":"https:\/\/maisondeslyceennes.fr\/wp-content\/uploads\/2026\/03\/Chambre-type-MDL-2-1024x768.jpg","datePublished":"2021-01-18T18:11:12+00:00","dateModified":"2026-03-19T11:56:52+00:00","breadcrumb":{"@id":"https:\/\/maisondeslyceennes.fr\/index.php\/le-foyer\/#breadcrumb"},"inLanguage":"fr-FR","potentialAction":[{"@type":"ReadAction","target":["https:\/\/maisondeslyceennes.fr\/index.php\/le-foyer\/"]}]},{"@type":"ImageObject","inLanguage":"fr-FR","@id":"https:\/\/maisondeslyceennes.fr\/index.php\/le-foyer\/#primaryimage","url":"https:\/\/maisondeslyceennes.fr\/wp-content\/uploads\/2026\/03\/Chambre-type-MDL-2-scaled.jpg","contentUrl":"https:\/\/maisondeslyceennes.fr\/wp-content\/uploads\/2026\/03\/Chambre-type-MDL-2-scaled.jpg","width":2560,"height":1920},{"@type":"BreadcrumbList","@id":"https:\/\/maisondeslyceennes.fr\/index.php\/le-foyer\/#breadcrumb","itemListElement":[{"@type":"ListItem","position":1,"name":"Accueil","item":"https:\/\/maisondeslyceennes.fr\/"},{"@type":"ListItem","position":2,"name":"Le Foyer"}]},{"@type":"WebSite","@id":"https:\/\/maisondeslyceennes.fr\/#website","url":"https:\/\/maisondeslyceennes.fr\/","name":"Maison des Lyc\u00e9ennes","description":"","publisher":{"@id":"https:\/\/maisondeslyceennes.fr\/#organization"},"potentialAction":[{"@type":"SearchAction","target":{"@type":"EntryPoint","urlTemplate":"https:\/\/maisondeslyceennes.fr\/?s={search_term_string}"},"query-input":{"@type":"PropertyValueSpecification","valueRequired":true,"valueName":"search_term_string"}}],"inLanguage":"fr-FR"},{"@type":"Organization","@id":"https:\/\/maisondeslyceennes.fr\/#organization","name":"Union des A","url":"https:\/\/maisondeslyceennes.fr\/","logo":{"@type":"ImageObject","inLanguage":"fr-FR","@id":"https:\/\/maisondeslyceennes.fr\/#\/schema\/logo\/image\/","url":"https:\/\/maisondeslyceennes.fr\/wp-content\/uploads\/2020\/11\/cropped-bandeau_accueil2-2.jpg","contentUrl":"https:\/\/maisondeslyceennes.fr\/wp-content\/uploads\/2020\/11\/cropped-bandeau_accueil2-2.jpg","width":1689,"height":338,"caption":"Union des A"},"image":{"@id":"https:\/\/maisondeslyceennes.fr\/#\/schema\/logo\/image\/"},"sameAs":["https:\/\/www.facebook.com\/groups\/716891688859455\/"]}]}},"_links":{"self":[{"href":"https:\/\/maisondeslyceennes.fr\/index.php\/wp-json\/wp\/v2\/pages\/106","targetHints":{"allow":["GET"]}}],"collection":[{"href":"https:\/\/maisondeslyceennes.fr\/index.php\/wp-json\/wp\/v2\/pages"}],"about":[{"href":"https:\/\/maisondeslyceennes.fr\/index.php\/wp-json\/wp\/v2\/types\/page"}],"author":[{"embeddable":true,"href":"https:\/\/maisondeslyceennes.fr\/index.php\/wp-json\/wp\/v2\/users\/1"}],"replies":[{"embeddable":true,"href":"https:\/\/maisondeslyceennes.fr\/index.php\/wp-json\/wp\/v2\/comments?post=106"}],"version-history":[{"count":8,"href":"https:\/\/maisondeslyceennes.fr\/index.php\/wp-json\/wp\/v2\/pages\/106\/revisions"}],"predecessor-version":[{"id":3517,"href":"https:\/\/maisondeslyceennes.fr\/index.php\/wp-json\/wp\/v2\/pages\/106\/revisions\/3517"}],"wp:attachment":[{"href":"https:\/\/maisondeslyceennes.fr\/index.php\/wp-json\/wp\/v2\/media?parent=106"}],"curies":[{"name":"wp","href":"https:\/\/api.w.org\/{rel}","templated":true}]}}